{"id":2382,"date":"2026-03-09T19:02:36","date_gmt":"2026-03-09T19:02:36","guid":{"rendered":"https:\/\/gunisigiguzellikmerkezi.com\/?page_id=2382"},"modified":"2026-03-24T21:08:09","modified_gmt":"2026-03-24T21:08:09","slug":"anasayfa","status":"publish","type":"page","link":"https:\/\/gunisigiguzellikmerkezi.com\/","title":{"rendered":"Anasayfa"},"content":{"rendered":"\t\t<div data-elementor-type=\"wp-page\" data-elementor-id=\"2382\" class=\"elementor elementor-2382\" data-elementor-post-type=\"page\">\n\t\t\t\t<div class=\"elementor-element elementor-element-0cefbd4 e-con-full e-flex e-con e-parent\" data-id=\"0cefbd4\" data-element_type=\"container\" data-e-type=\"container\" data-settings=\"{&quot;background_background&quot;:&quot;classic&quot;}\">\n\t\t\t\t<div class=\"elementor-element elementor-element-2d32b89 elementor-arrows-position-inside elementor-pagination-position-outside elementor-widget elementor-widget-image-carousel\" data-id=\"2d32b89\" data-element_type=\"widget\" data-e-type=\"widget\" data-settings=\"{&quot;slides_to_show&quot;:&quot;1&quot;,&quot;navigation&quot;:&quot;both&quot;,&quot;autoplay&quot;:&quot;yes&quot;,&quot;pause_on_hover&quot;:&quot;yes&quot;,&quot;pause_on_interaction&quot;:&quot;yes&quot;,&quot;autoplay_speed&quot;:5000,&quot;infinite&quot;:&quot;yes&quot;,&quot;effect&quot;:&quot;slide&quot;,&quot;speed&quot;:500}\" data-widget_type=\"image-carousel.default\">\n\t\t\t\t\t\t\t<div class=\"elementor-image-carousel-wrapper swiper\" role=\"region\" aria-roledescription=\"carousel\" aria-label=\"Image Carousel\" dir=\"ltr\">\n\t\t\t<div class=\"elementor-image-carousel swiper-wrapper swiper-image-stretch\" aria-live=\"off\">\n\t\t\t\t\t\t\t\t<div class=\"swiper-slide\" role=\"group\" aria-roledescription=\"slide\" aria-label=\"1 of 1\"><figure class=\"swiper-slide-inner\"><img decoding=\"async\" class=\"swiper-slide-image\" src=\"https:\/\/gunisigiguzellikmerkezi.com\/wp-content\/uploads\/2026\/03\/slider-2-1.png\" alt=\"slider 2\" \/><\/figure><\/div>\t\t\t<\/div>\n\t\t\t\t\t<\/div>\n\t\t\t\t\t\t<\/div>\n\t\t\t\t<\/div>\n\t\t<div class=\"elementor-element elementor-element-2a7caf90 e-flex e-con-boxed e-con e-parent\" data-id=\"2a7caf90\" data-element_type=\"container\" data-e-type=\"container\" data-settings=\"{&quot;background_background&quot;:&quot;classic&quot;}\">\n\t\t\t\t\t<div class=\"e-con-inner\">\n\t\t<div class=\"elementor-element elementor-element-316df4d0 e-con-full e-flex e-con e-child\" data-id=\"316df4d0\" data-element_type=\"container\" data-e-type=\"container\">\n\t\t\t\t<div class=\"elementor-element elementor-element-13fad723 elementor-widget elementor-widget-heading\" data-id=\"13fad723\" data-element_type=\"widget\" data-e-type=\"widget\" data-widget_type=\"heading.default\">\n\t\t\t\t\t<h5 class=\"elementor-heading-title elementor-size-default\">Profesyonel e\u011fitimli Kadromuz, son teknoloji cihazlar\u0131m\u0131zla Hizmetinizdeyiz<\/h5>\t\t\t\t<\/div>\n\t\t\t\t<\/div>\n\t\t<div class=\"elementor-element elementor-element-4a1ea435 e-con-full e-flex e-con e-child\" data-id=\"4a1ea435\" data-element_type=\"container\" data-e-type=\"container\">\n\t\t\t\t<div class=\"elementor-element elementor-element-672b781a elementor-widget-tablet__width-initial elementor-widget-mobile__width-inherit elementor-widget__width-initial elementor-position-top elementor-widget elementor-widget-image-box\" data-id=\"672b781a\" data-element_type=\"widget\" data-e-type=\"widget\" data-widget_type=\"image-box.default\">\n\t\t\t\t\t<div class=\"elementor-image-box-wrapper\"><figure class=\"elementor-image-box-img\"><a href=\"https:\/\/library.elementor.com\/local-services-wireframe-1-flexbox\/services\/#service_1\" tabindex=\"-1\"><img fetchpriority=\"high\" decoding=\"async\" width=\"500\" height=\"500\" src=\"https:\/\/gunisigiguzellikmerkezi.com\/wp-content\/uploads\/2026\/03\/LAzer-epilasyon.jpg\" class=\"elementor-animation-grow attachment-full size-full wp-image-2596\" alt=\"\" srcset=\"https:\/\/gunisigiguzellikmerkezi.com\/wp-content\/uploads\/2026\/03\/LAzer-epilasyon.jpg 500w, https:\/\/gunisigiguzellikmerkezi.com\/wp-content\/uploads\/2026\/03\/LAzer-epilasyon-300x300.jpg 300w, https:\/\/gunisigiguzellikmerkezi.com\/wp-content\/uploads\/2026\/03\/LAzer-epilasyon-150x150.jpg 150w\" sizes=\"(max-width: 500px) 100vw, 500px\" \/><\/a><\/figure><div class=\"elementor-image-box-content\"><h4 class=\"elementor-image-box-title\"><a href=\"https:\/\/library.elementor.com\/local-services-wireframe-1-flexbox\/services\/#service_1\">Lazer Epilasyon<\/a><\/h4><p class=\"elementor-image-box-description\">\ud83d\udc8e En son teknolojiyle tasarland\u0131.\n\u26a1 Daha h\u0131zl\u0131, daha etkili, daha konforlu.\n\u2744\ufe0f So\u011futma sistemi sayesinde ac\u0131s\u0131z deneyim.\n\ud83c\udf3f T\u00fcm cilt tiplerine uygun g\u00fcvenli kullan\u0131m..<\/p><\/div><\/div>\t\t\t\t<\/div>\n\t\t\t\t<div class=\"elementor-element elementor-element-9350d44 elementor-widget-tablet__width-initial elementor-widget-mobile__width-inherit elementor-widget__width-initial elementor-position-top elementor-widget elementor-widget-image-box\" data-id=\"9350d44\" data-element_type=\"widget\" data-e-type=\"widget\" data-widget_type=\"image-box.default\">\n\t\t\t\t\t<div class=\"elementor-image-box-wrapper\"><figure class=\"elementor-image-box-img\"><a href=\"https:\/\/library.elementor.com\/local-services-wireframe-1-flexbox\/services\/#service_4\" tabindex=\"-1\"><img decoding=\"async\" width=\"500\" height=\"499\" src=\"https:\/\/gunisigiguzellikmerkezi.com\/wp-content\/uploads\/2026\/03\/kas-lifting-1.jpg\" class=\"elementor-animation-grow attachment-full size-full wp-image-2599\" alt=\"\" srcset=\"https:\/\/gunisigiguzellikmerkezi.com\/wp-content\/uploads\/2026\/03\/kas-lifting-1.jpg 500w, https:\/\/gunisigiguzellikmerkezi.com\/wp-content\/uploads\/2026\/03\/kas-lifting-1-300x300.jpg 300w, https:\/\/gunisigiguzellikmerkezi.com\/wp-content\/uploads\/2026\/03\/kas-lifting-1-150x150.jpg 150w\" sizes=\"(max-width: 500px) 100vw, 500px\" \/><\/a><\/figure><div class=\"elementor-image-box-content\"><h4 class=\"elementor-image-box-title\"><a href=\"https:\/\/library.elementor.com\/local-services-wireframe-1-flexbox\/services\/#service_4\">Kirpik Lifting - Ka\u015f Laminasyon<\/a><\/h4><p class=\"elementor-image-box-description\">\u00d6zel kimyasallar ve yeni nesil tekniklerle kirpik ve ka\u015flar\u0131 \u015fekillendirerek do\u011fal, estetik bir  g\u00f6r\u00fcn\u00fcm kazand\u0131r\u0131yoruz.<\/p><\/div><\/div>\t\t\t\t<\/div>\n\t\t\t\t<div class=\"elementor-element elementor-element-27b0adec elementor-widget-tablet__width-initial elementor-widget-mobile__width-inherit elementor-widget__width-initial elementor-position-top elementor-widget elementor-widget-image-box\" data-id=\"27b0adec\" data-element_type=\"widget\" data-e-type=\"widget\" data-widget_type=\"image-box.default\">\n\t\t\t\t\t<div class=\"elementor-image-box-wrapper\"><figure class=\"elementor-image-box-img\"><a href=\"https:\/\/library.elementor.com\/local-services-wireframe-1-flexbox\/services\/#service_3\" tabindex=\"-1\"><img decoding=\"async\" width=\"500\" height=\"500\" src=\"https:\/\/gunisigiguzellikmerkezi.com\/wp-content\/uploads\/2026\/03\/Atelier-Guzellik-Protez-Tirnak.png.webp\" class=\"elementor-animation-grow attachment-full size-full wp-image-2508\" alt=\"\" srcset=\"https:\/\/gunisigiguzellikmerkezi.com\/wp-content\/uploads\/2026\/03\/Atelier-Guzellik-Protez-Tirnak.png.webp 500w, https:\/\/gunisigiguzellikmerkezi.com\/wp-content\/uploads\/2026\/03\/Atelier-Guzellik-Protez-Tirnak.png-300x300.webp 300w, https:\/\/gunisigiguzellikmerkezi.com\/wp-content\/uploads\/2026\/03\/Atelier-Guzellik-Protez-Tirnak.png-150x150.webp 150w\" sizes=\"(max-width: 500px) 100vw, 500px\" \/><\/a><\/figure><div class=\"elementor-image-box-content\"><h4 class=\"elementor-image-box-title\"><a href=\"https:\/\/library.elementor.com\/local-services-wireframe-1-flexbox\/services\/#service_3\">Protez T\u0131rnak<\/a><\/h4><p class=\"elementor-image-box-description\">Do\u011fal t\u0131rna\u011f\u0131n \u00fczerine veya uzat\u0131lmas\u0131na yard\u0131mc\u0131 olan, genellikle akrilik veya jel gibi malzemelerden yap\u0131lan g\u00fczel g\u00f6r\u00fcn\u00fcml\u00fc yapay t\u0131rnaklard\u0131r.\n\n<\/p><\/div><\/div>\t\t\t\t<\/div>\n\t\t\t\t<div class=\"elementor-element elementor-element-5f25bff1 elementor-widget-tablet__width-initial elementor-widget-mobile__width-inherit elementor-widget__width-initial elementor-position-top elementor-widget elementor-widget-image-box\" data-id=\"5f25bff1\" data-element_type=\"widget\" data-e-type=\"widget\" data-widget_type=\"image-box.default\">\n\t\t\t\t\t<div class=\"elementor-image-box-wrapper\"><figure class=\"elementor-image-box-img\"><a href=\"https:\/\/library.elementor.com\/local-services-wireframe-1-flexbox\/services\/#service_2\" tabindex=\"-1\"><img loading=\"lazy\" decoding=\"async\" width=\"430\" height=\"431\" src=\"https:\/\/gunisigiguzellikmerkezi.com\/wp-content\/uploads\/2026\/03\/sac-tasarim-1.jpg\" class=\"elementor-animation-grow attachment-full size-full wp-image-2598\" alt=\"\" srcset=\"https:\/\/gunisigiguzellikmerkezi.com\/wp-content\/uploads\/2026\/03\/sac-tasarim-1.jpg 430w, https:\/\/gunisigiguzellikmerkezi.com\/wp-content\/uploads\/2026\/03\/sac-tasarim-1-300x300.jpg 300w, https:\/\/gunisigiguzellikmerkezi.com\/wp-content\/uploads\/2026\/03\/sac-tasarim-1-150x150.jpg 150w\" sizes=\"(max-width: 430px) 100vw, 430px\" \/><\/a><\/figure><div class=\"elementor-image-box-content\"><h4 class=\"elementor-image-box-title\"><a href=\"https:\/\/library.elementor.com\/local-services-wireframe-1-flexbox\/services\/#service_2\">Sa\u00e7 Boya ve Tasar\u0131m<\/a><\/h4><p class=\"elementor-image-box-description\">Sa\u00e7lar\u0131n\u0131z ellerimizde bir sanat eserine d\u00f6n\u00fc\u015f\u00fcr. Do\u011fru Renk ve kusursuz stil. G\u00fczelli\u011finize de\u011fer kat\u0131yoruz..<\/p><\/div><\/div>\t\t\t\t<\/div>\n\t\t\t\t<\/div>\n\t\t\t\t<div class=\"elementor-element elementor-element-5e04ba85 elementor-align-center elementor-widget-mobile__width-inherit elementor-invisible elementor-widget elementor-widget-button\" data-id=\"5e04ba85\" data-element_type=\"widget\" data-e-type=\"widget\" data-settings=\"{&quot;_animation&quot;:&quot;fadeInDown&quot;}\" data-widget_type=\"button.default\">\n\t\t\t\t\t\t\t\t\t\t<a class=\"elementor-button elementor-button-link elementor-size-sm\" href=\"https:\/\/gunisigiguzellikmerkezi.com\/index.php\/hizmetlerimiz\/\">\n\t\t\t\t\t\t<span class=\"elementor-button-content-wrapper\">\n\t\t\t\t\t\t<span class=\"elementor-button-icon\">\n\t\t\t\t<svg aria-hidden=\"true\" class=\"e-font-icon-svg e-far-arrow-alt-circle-right\" viewBox=\"0 0 512 512\" xmlns=\"http:\/\/www.w3.org\/2000\/svg\"><path d=\"M504 256C504 119 393 8 256 8S8 119 8 256s111 248 248 248 248-111 248-248zm-448 0c0-110.5 89.5-200 200-200s200 89.5 200 200-89.5 200-200 200S56 366.5 56 256zm72 20v-40c0-6.6 5.4-12 12-12h116v-67c0-10.7 12.9-16 20.5-8.5l99 99c4.7 4.7 4.7 12.3 0 17l-99 99c-7.6 7.6-20.5 2.2-20.5-8.5v-67H140c-6.6 0-12-5.4-12-12z\"><\/path><\/svg>\t\t\t<\/span>\n\t\t\t\t\t\t\t\t\t<span class=\"elementor-button-text\">T\u00fcm Hizmetlerimiz<\/span>\n\t\t\t\t\t<\/span>\n\t\t\t\t\t<\/a>\n\t\t\t\t\t\t\t\t<\/div>\n\t\t\t\t<div class=\"elementor-element elementor-element-01bf8bf elementor-widget elementor-widget-hfe-infocard\" data-id=\"01bf8bf\" data-element_type=\"widget\" data-e-type=\"widget\" data-widget_type=\"hfe-infocard.default\">\n\t\t\t\t<div class=\"elementor-widget-container\">\n\t\t\t\t\t\n\t\t<div class=\"hfe-infocard\">\n\t\t\t\t\t\t<div class=\"hfe-icon-wrap\">\n\t\t\t\t<span class=\"hfe-icon\">\n\t\t\t\t\t<svg aria-hidden=\"true\" class=\"e-font-icon-svg e-fab-instagram\" viewBox=\"0 0 448 512\" xmlns=\"http:\/\/www.w3.org\/2000\/svg\"><path d=\"M224.1 141c-63.6 0-114.9 51.3-114.9 114.9s51.3 114.9 114.9 114.9S339 319.5 339 255.9 287.7 141 224.1 141zm0 189.6c-41.1 0-74.7-33.5-74.7-74.7s33.5-74.7 74.7-74.7 74.7 33.5 74.7 74.7-33.6 74.7-74.7 74.7zm146.4-194.3c0 14.9-12 26.8-26.8 26.8-14.9 0-26.8-12-26.8-26.8s12-26.8 26.8-26.8 26.8 12 26.8 26.8zm76.1 27.2c-1.7-35.9-9.9-67.7-36.2-93.9-26.2-26.2-58-34.4-93.9-36.2-37-2.1-147.9-2.1-184.9 0-35.8 1.7-67.6 9.9-93.9 36.1s-34.4 58-36.2 93.9c-2.1 37-2.1 147.9 0 184.9 1.7 35.9 9.9 67.7 36.2 93.9s58 34.4 93.9 36.2c37 2.1 147.9 2.1 184.9 0 35.9-1.7 67.7-9.9 93.9-36.2 26.2-26.2 34.4-58 36.2-93.9 2.1-37 2.1-147.8 0-184.8zM398.8 388c-7.8 19.6-22.9 34.7-42.6 42.6-29.5 11.7-99.5 9-132.1 9s-102.7 2.6-132.1-9c-19.6-7.8-34.7-22.9-42.6-42.6-11.7-29.5-9-99.5-9-132.1s-2.6-102.7 9-132.1c7.8-19.6 22.9-34.7 42.6-42.6 29.5-11.7 99.5-9 132.1-9s102.7-2.6 132.1 9c19.6 7.8 34.7 22.9 42.6 42.6 11.7 29.5 9 99.5 9 132.1s2.7 102.7-9 132.1z\"><\/path><\/svg>\t\t\t\t<\/span>\n\t\t\t<\/div>\n\t\t\t\t\t\t\t\t\t<div class=\"hfe-infocard-title-wrap\">\n\t\t\t\t<h3 class=\"hfe-infocard-title elementor-inline-editing\" data-elementor-setting-key=\"infocard_title\" data-elementor-inline-editing-toolbar=\"basic\" >Bizi \u0130nstagramdan Takip Edin<\/h3>\t\t\t<\/div>\n\t\t\t\t\t\t<div class=\"hfe-infocard-text-wrap\">\n\t\t\t\t<div class=\"hfe-infocard-text elementor-inline-editing\" data-elementor-setting-key=\"infocard_description\" data-elementor-inline-editing-toolbar=\"advanced\">\n\t\t\t\t\t\t\t\t\t<\/div>\n\t\t\t\t\t\t\t<div class=\"hfe-button-wrapper elementor-widget-button\">\n\t\t\t\t<a href=\"https:\/\/www.instagram.com\/gunisigiarnavutkoy\/\" class=\"elementor-button-link elementor-button elementor-size-sm\">\n\t\t\t\t\t<span class=\"elementor-button-text elementor-inline-editing\"  data-elementor-setting-key=\"infocard_button_text\" data-elementor-inline-editing-toolbar=\"none\">gunisigiarnavutkoy<\/span>\n\t\t\t\t<\/a>\n\t\t\t<\/div>\n\t\t\t\t\t\t<\/div>\n\t\t<\/div>\n\n\t\t\t\t\t\t<\/div>\n\t\t\t\t<\/div>\n\t\t<div class=\"elementor-element elementor-element-9d35319 e-grid e-con-boxed e-con e-child\" data-id=\"9d35319\" data-element_type=\"container\" data-e-type=\"container\">\n\t\t\t\t\t<div class=\"e-con-inner\">\n\t\t\t\t<div class=\"elementor-element elementor-element-be4301c elementor-widget elementor-widget-image\" data-id=\"be4301c\" data-element_type=\"widget\" data-e-type=\"widget\" data-widget_type=\"image.default\">\n\t\t\t\t\t\t\t\t\t\t\t\t\t\t\t<img loading=\"lazy\" decoding=\"async\" width=\"430\" height=\"431\" src=\"https:\/\/gunisigiguzellikmerkezi.com\/wp-content\/uploads\/2026\/03\/sac-tasarim-1.jpg\" class=\"attachment-medium_large size-medium_large wp-image-2598\" alt=\"\" srcset=\"https:\/\/gunisigiguzellikmerkezi.com\/wp-content\/uploads\/2026\/03\/sac-tasarim-1.jpg 430w, https:\/\/gunisigiguzellikmerkezi.com\/wp-content\/uploads\/2026\/03\/sac-tasarim-1-300x300.jpg 300w, https:\/\/gunisigiguzellikmerkezi.com\/wp-content\/uploads\/2026\/03\/sac-tasarim-1-150x150.jpg 150w\" sizes=\"(max-width: 430px) 100vw, 430px\" \/>\t\t\t\t\t\t\t\t\t\t\t\t\t\t\t<\/div>\n\t\t\t\t<div class=\"elementor-element elementor-element-9fe0113 elementor-widget elementor-widget-image\" data-id=\"9fe0113\" data-element_type=\"widget\" data-e-type=\"widget\" data-widget_type=\"image.default\">\n\t\t\t\t\t\t\t\t\t\t\t\t\t\t\t<img loading=\"lazy\" decoding=\"async\" width=\"527\" height=\"938\" src=\"https:\/\/gunisigiguzellikmerkezi.com\/wp-content\/uploads\/2026\/03\/Ekran-goruntusu-2026-03-09-234106.png\" class=\"attachment-large size-large wp-image-2523\" alt=\"\" srcset=\"https:\/\/gunisigiguzellikmerkezi.com\/wp-content\/uploads\/2026\/03\/Ekran-goruntusu-2026-03-09-234106.png 527w, https:\/\/gunisigiguzellikmerkezi.com\/wp-content\/uploads\/2026\/03\/Ekran-goruntusu-2026-03-09-234106-169x300.png 169w\" sizes=\"(max-width: 527px) 100vw, 527px\" \/>\t\t\t\t\t\t\t\t\t\t\t\t\t\t\t<\/div>\n\t\t\t\t<div class=\"elementor-element elementor-element-38e172f elementor-widget elementor-widget-image\" data-id=\"38e172f\" data-element_type=\"widget\" data-e-type=\"widget\" data-widget_type=\"image.default\">\n\t\t\t\t\t\t\t\t\t\t\t\t\t\t\t<img loading=\"lazy\" decoding=\"async\" width=\"530\" height=\"942\" src=\"https:\/\/gunisigiguzellikmerkezi.com\/wp-content\/uploads\/2026\/03\/instagram-1.png\" class=\"attachment-large size-large wp-image-2524\" alt=\"\" srcset=\"https:\/\/gunisigiguzellikmerkezi.com\/wp-content\/uploads\/2026\/03\/instagram-1.png 530w, https:\/\/gunisigiguzellikmerkezi.com\/wp-content\/uploads\/2026\/03\/instagram-1-169x300.png 169w\" sizes=\"(max-width: 530px) 100vw, 530px\" \/>\t\t\t\t\t\t\t\t\t\t\t\t\t\t\t<\/div>\n\t\t\t\t<div class=\"elementor-element elementor-element-d7e7744 elementor-widget elementor-widget-image\" data-id=\"d7e7744\" data-element_type=\"widget\" data-e-type=\"widget\" data-widget_type=\"image.default\">\n\t\t\t\t\t\t\t\t\t\t\t\t\t\t\t<img loading=\"lazy\" decoding=\"async\" width=\"526\" height=\"938\" src=\"https:\/\/gunisigiguzellikmerkezi.com\/wp-content\/uploads\/2026\/03\/Ekran-goruntusu-2026-03-09-234011.png\" class=\"attachment-large size-large wp-image-2522\" alt=\"\" srcset=\"https:\/\/gunisigiguzellikmerkezi.com\/wp-content\/uploads\/2026\/03\/Ekran-goruntusu-2026-03-09-234011.png 526w, https:\/\/gunisigiguzellikmerkezi.com\/wp-content\/uploads\/2026\/03\/Ekran-goruntusu-2026-03-09-234011-168x300.png 168w\" sizes=\"(max-width: 526px) 100vw, 526px\" \/>\t\t\t\t\t\t\t\t\t\t\t\t\t\t\t<\/div>\n\t\t\t\t\t<\/div>\n\t\t\t\t<\/div>\n\t\t\t\t\t<\/div>\n\t\t\t\t<\/div>\n\t\t\t\t<\/div>\n\t\t","protected":false},"excerpt":{"rendered":"<p>Profesyonel e\u011fitimli Kadromuz, son teknoloji cihazlar\u0131m\u0131zla Hizmetinizdeyiz Lazer Epilasyon \ud83d\udc8e En son teknolojiyle tasarland\u0131. \u26a1 Daha h\u0131zl\u0131, daha etkili, daha konforlu. \u2744\ufe0f So\u011futma sistemi sayesinde ac\u0131s\u0131z deneyim. \ud83c\udf3f T\u00fcm cilt tiplerine uygun g\u00fcvenli kullan\u0131m.. Kirpik Lifting &#8211; Ka\u015f Laminasyon \u00d6zel kimyasallar ve yeni nesil tekniklerle kirpik ve ka\u015flar\u0131 \u015fekillendirerek do\u011fal, estetik bir g\u00f6r\u00fcn\u00fcm kazand\u0131r\u0131yoruz. Protez [&hellip;]<\/p>\n","protected":false},"author":1,"featured_media":0,"parent":0,"menu_order":0,"comment_status":"closed","ping_status":"closed","template":"elementor_header_footer","meta":{"footnotes":""},"class_list":["post-2382","page","type-page","status-publish","hentry"],"_links":{"self":[{"href":"https:\/\/gunisigiguzellikmerkezi.com\/index.php\/wp-json\/wp\/v2\/pages\/2382","targetHints":{"allow":["GET"]}}],"collection":[{"href":"https:\/\/gunisigiguzellikmerkezi.com\/index.php\/wp-json\/wp\/v2\/pages"}],"about":[{"href":"https:\/\/gunisigiguzellikmerkezi.com\/index.php\/wp-json\/wp\/v2\/types\/page"}],"author":[{"embeddable":true,"href":"https:\/\/gunisigiguzellikmerkezi.com\/index.php\/wp-json\/wp\/v2\/users\/1"}],"replies":[{"embeddable":true,"href":"https:\/\/gunisigiguzellikmerkezi.com\/index.php\/wp-json\/wp\/v2\/comments?post=2382"}],"version-history":[{"count":55,"href":"https:\/\/gunisigiguzellikmerkezi.com\/index.php\/wp-json\/wp\/v2\/pages\/2382\/revisions"}],"predecessor-version":[{"id":2619,"href":"https:\/\/gunisigiguzellikmerkezi.com\/index.php\/wp-json\/wp\/v2\/pages\/2382\/revisions\/2619"}],"wp:attachment":[{"href":"https:\/\/gunisigiguzellikmerkezi.com\/index.php\/wp-json\/wp\/v2\/media?parent=2382"}],"curies":[{"name":"wp","href":"https:\/\/api.w.org\/{rel}","templated":true}]}}